{"id":61,"date":"2022-10-27T13:37:15","date_gmt":"2022-10-27T11:37:15","guid":{"rendered":"http:\/\/lacollision.art\/?page_id=61"},"modified":"2022-10-28T10:57:15","modified_gmt":"2022-10-28T08:57:15","slug":"la-collision","status":"publish","type":"page","link":"https:\/\/lacollision.art\/","title":{"rendered":"La Collision"},"content":{"rendered":"\n<p><em><strong>La Collision<\/strong><\/em> c\u2019est la rencontre fractale de deux artistes, Ga\u00ebl Bernard et Nicolas T\u00e9mieau, avec son lot d\u2019explosions cr\u00e9atives, d\u2019accident heureux, d\u2019\u00e9nergie et de d\u00e9bris.<\/p>\n\n\n\n<p>Nicolas T\u00e9mieau, artiste plasticien, recueille des donn\u00e9es, les manipule afin d\u2019obtenir des formes qu\u2019il d\u00e9cline &lsquo;jusqu\u2019\u00e0 \u00e9puisement&rsquo;\u00e0 partir de protocoles. Ga\u00ebl Bernard, auteur r\u00e9alisateur, construit ses r\u00e9cits en explorant la fronti\u00e8re entre l\u2019imaginaire et le r\u00e9alisme. La collision Nicolas\/Ga\u00ebl a provoqu\u00e9 plusieurs collaborations sur de multiples fronts, infiltr\u00e9es par la pop-culture et leurs r\u00e9f\u00e9rences.<\/p>\n\n\n\n<figure class=\"wp-block-image size-large\"><img loading=\"lazy\" decoding=\"async\" width=\"1024\" height=\"576\" src=\"https:\/\/lacollision.art\/wp-content\/uploads\/2022\/10\/unnamed-1024x576.jpg\" alt=\"\" class=\"wp-image-100\" srcset=\"https:\/\/lacollision.art\/wp-content\/uploads\/2022\/10\/unnamed-1024x576.jpg 1024w, https:\/\/lacollision.art\/wp-content\/uploads\/2022\/10\/unnamed-300x169.jpg 300w, https:\/\/lacollision.art\/wp-content\/uploads\/2022\/10\/unnamed-768x432.jpg 768w, https:\/\/lacollision.art\/wp-content\/uploads\/2022\/10\/unnamed-1536x864.jpg 1536w, https:\/\/lacollision.art\/wp-content\/uploads\/2022\/10\/unnamed-2048x1152.jpg 2048w\" sizes=\"auto, (max-width: 767px) 89vw, (max-width: 1000px) 54vw, (max-width: 1071px) 543px, 580px\" \/><\/figure>\n\n\n\n<p>Depuis 2019, ils m\u00ealent leurs pratiques respectives dans des cr\u00e9ations plastiques, mais aussi de projets \u00e0 forte impr\u00e9gnation sociale et culturel (Intervention EPCC \u2013 Centres Jeunesse &#8211; Lyc\u00e9e \u2013 Universit\u00e9 &#8211; PJJ &#8211; IME).<\/p>\n\n\n\n<p>Leur premi\u00e8re exp\u00e9rience du r\u00e9el a servi d\u2019acc\u00e9l\u00e9rateur en 2021 lors d\u2019une r\u00e9sidence artistique qui a donn\u00e9 lieu \u00e0 l\u2019exposition <em>\u00ab Les travers\u00e9es \u00bb<\/em> \u00e0 Tavers. Nicolas et Ga\u00ebl ont collect\u00e9 les histoires, les l\u00e9gendes, les anecdotes et le patrimoine de ce village \u00e0 l\u2019histoire mill\u00e9naire. En piochant dans toutes ces richesses, ils ont vu se d\u00e9velopper une fiction, une interpr\u00e9tation devenue un parcours d\u2019installations artistiques et de micro-nouvelles, un travail m\u00e9langeant la d\u00e9couverte, l\u2019imaginaire, l\u2019\u00e9criture et le plastique.<\/p>\n\n\n\n<p>Ils accompagnent \u00e9galement l\u2019option cin\u00e9ma audiovisuel du lyc\u00e9e Augustin Thierry de Blois, ainsi que des projets plus ponctuels dans d\u2019autres \u00e9tablissements en r\u00e9gion Centre-Val de Loire.<\/p>\n\n\n\n<p>Leur axe de d\u00e9veloppement se base sur la vid\u00e9o, l\u2019audio, la fabrication d\u2019objets narratifs accompagn\u00e9s de <em>l\u00e9gendes<\/em>.<\/p>\n\n\n\n<figure class=\"wp-block-image size-large\"><img loading=\"lazy\" decoding=\"async\" width=\"628\" height=\"1024\" src=\"https:\/\/lacollision.art\/wp-content\/uploads\/2022\/10\/1-628x1024.png\" alt=\"\" class=\"wp-image-11\" srcset=\"https:\/\/lacollision.art\/wp-content\/uploads\/2022\/10\/1-628x1024.png 628w, https:\/\/lacollision.art\/wp-content\/uploads\/2022\/10\/1-184x300.png 184w, https:\/\/lacollision.art\/wp-content\/uploads\/2022\/10\/1-768x1252.png 768w, https:\/\/lacollision.art\/wp-content\/uploads\/2022\/10\/1-942x1536.png 942w, https:\/\/lacollision.art\/wp-content\/uploads\/2022\/10\/1.png 1000w\" sizes=\"auto, (max-width: 628px) 100vw, 628px\" \/><\/figure>\n","protected":false},"excerpt":{"rendered":"<p>La Collision c\u2019est la rencontre fractale de deux artistes, Ga\u00ebl Bernard et Nicolas T\u00e9mieau, avec son lot d\u2019explosions cr\u00e9atives, d\u2019accident heureux, d\u2019\u00e9nergie et de d\u00e9bris. Nicolas T\u00e9mieau, artiste plasticien, recueille des donn\u00e9es, les manipule afin d\u2019obtenir des formes qu\u2019il d\u00e9cline &lsquo;jusqu\u2019\u00e0 \u00e9puisement&rsquo;\u00e0 partir de protocoles. Ga\u00ebl Bernard, auteur r\u00e9alisateur, construit ses r\u00e9cits en explorant la &hellip; <\/p>\n<p class=\"link-more\"><a href=\"https:\/\/lacollision.art\/\" class=\"more-link\">Continuer la lecture<span class=\"screen-reader-text\"> de &laquo;&nbsp;La Collision&nbsp;&raquo;<\/span><\/a><\/p>\n","protected":false},"author":1,"featured_media":0,"parent":0,"menu_order":0,"comment_status":"closed","ping_status":"closed","template":"","meta":{"footnotes":""},"class_list":["post-61","page","type-page","status-publish","hentry"],"_links":{"self":[{"href":"https:\/\/lacollision.art\/index.php\/wp-json\/wp\/v2\/pages\/61","targetHints":{"allow":["GET"]}}],"collection":[{"href":"https:\/\/lacollision.art\/index.php\/wp-json\/wp\/v2\/pages"}],"about":[{"href":"https:\/\/lacollision.art\/index.php\/wp-json\/wp\/v2\/types\/page"}],"author":[{"embeddable":true,"href":"https:\/\/lacollision.art\/index.php\/wp-json\/wp\/v2\/users\/1"}],"replies":[{"embeddable":true,"href":"https:\/\/lacollision.art\/index.php\/wp-json\/wp\/v2\/comments?post=61"}],"version-history":[{"count":5,"href":"https:\/\/lacollision.art\/index.php\/wp-json\/wp\/v2\/pages\/61\/revisions"}],"predecessor-version":[{"id":101,"href":"https:\/\/lacollision.art\/index.php\/wp-json\/wp\/v2\/pages\/61\/revisions\/101"}],"wp:attachment":[{"href":"https:\/\/lacollision.art\/index.php\/wp-json\/wp\/v2\/media?parent=61"}],"curies":[{"name":"wp","href":"https:\/\/api.w.org\/{rel}","templated":true}]}}